+ (-15 - (-1 + -27)).
35
Evaluate 10 + -2 + -54 + 60.
14
What is 1 + 4 + (-15 - (-8 + -7))?
5
1 + (8 - 25 - -9) + 14
7
-5 + 2 + 9 - (-105 + 102)
9
Evaluate (-3 - 4) + 9 + -22 + 9.
-11
1 + 18 - (71 + -48)
-4
What is the value of (0 - -1 - 2) + (-6 - -2) + 1?
-4
Evaluate 25 - 31 - 53 - -46.
-13
Calculate -14 - (-1 + 0) - (-105 + 98).
-6
4 - ((0 - 7) + -4 + -17 + 13)
19
What is the value of 14 + (-9 - -1) - 1?
5
Evaluate (-5 - -1) + 3 + 1 - 3 - 1.
-4
(36 - 26) + (2 - 0) + -16
-4
What is the value of -1 - ((-10 - 0) + 28 - -9)?
-28
-27 + 26 + -8 - (-4 + 0 - 10)
5
Evaluate (-1 - -14) + -10 + 1 + 53 + -49.
8
What is -3 + -1 + -26 + 23 + 13?
6
Evaluate -6 - (0 + 3 + -6) - (-1 - 2).
0
What is 0 + (-24 - (-34 - 16))?
26
What is -2 + (4 - 6) + (8 - 6 - 2)?
-4
What is 271 - 271 - (1 - (0 + 1))?
0
Calculate 5 + (-3 - (-26 - -14)).
14
What is the value of 6 + 0 + (-6 - 1) + 8 - 9?
-2
-18 + -9 + -2 + 17 + -14 + 3
-23
Calculate 2 + (-19 - -12) + -12.
-17
Calculate 0 + (3 - 8 - 1) - (23 - 27).
-2
What is the value of -16 + (55 + -59 - (1 - (0 + 4)))?
-17
-31 - (19 + -48) - (-11 + (4 - 5))
10
Evaluate 19 - (-9 - (-14 - (4 + -8))).
18
What is the value of 9 + (4 - 2) + (1 - (-4 + 9))?
7
Evaluate 11 + -28 + -1 + 6.
-12
(9 - (8 + -1 - -11)) + 13 - -25
29
What is the value of (-2 - (-1 + -4 + -11)) + (0 - 5)?
9
Calculate (-3 - (-23 + 17)) + (0 - 10).
-7
Calculate -1 + 4 + -9 - -7 - -7.
8
What is the value of 19 - (24 - (8 - -2))?
5
-1 + -4 - (-56 + 3 + 12)
36
-7 + (8 + -1 - (-5 + 16 + -1))
-10
What is -9 + 47 + -23 + -28?
-13
Evaluate (-2 - -14 - (0 + 10)) + -7.
-5
Calculate -5 + (-8 - (0 - 7)) - -12 - -8.
14
-3 - (-5 + 26 + -1 + (-1 - 4))
-18
-19 - (14 - 34) - 5
-4
What is -5 - (19 + (-32 - -27))?
-19
Calculate -3 + -6 + (11 - 0).
2
Calculate 11 + -52 + (-2 - -7 - -5).
-31
2 - (3 + 6) - (-19 - (-7 - -1))
6
Calculate (-4 - 0) + -18 + (40 - 33).
-15
What is the value of 1 + -15 + 17 + 2 + 3 + -4?
4
0 + -8 + (-18 - -36 - 24) + 6
-8
What is the value of 21 - ((6 - 2) + (-1 - -5))?
13
Evaluate 11 + -19 - (-14 + (-7 - -18)).
-5
Calculate -7 + (-12 - -20) + -14.
-13
What is the value of (-3 + 3 - (-4 + 7)) + -6?
-9
What is -56 + 17 + 15 - -33?
9
What is the value of (-5 - (25 + -50)) + -10?
10
13 - (2 - 11 - -9)
13
Calculate (-20 - -1) + (-5 - 0).
-24
Evaluate (-4 - -2) + -19 + 2 - (397 + -405).
-11
What is -9 + 13 - 4 - (-10 + 16 - -2)?
-8
What is (-28 - (5 - 14)) + 12?
-7
What is 7 - (8 - (4 + -1 - (-6 - -3)))?
5
(3 - -4 - (82 - 69)) + -8
-14
(-15 + 24 - 23) + 17 - -20
23
What is the value of 4 - (-2 + -7) - 2?
11
Calculate 12 + 4 + -9 + -3.
4
Calculate -1 - (11 + -4) - (1 - -3).
-12
(-4 - 1) + 3 + (5 + -4 - 2)
-3
Evaluate 1 + -11 - (-252 + 239).
3
What is 3 + (5 + -12 - 2) + -3?
-9
What is -11 - (0 - (8 - 8))?
-11
What is the value of 8 + (11 - 39) + 14?
-6
(60 - 69) + (21 - (-3 + 0))
15
(-5 - 4) + 11 - 1
1
What is 27 - (-3 + 18 - -20)?
-8
-41 + -1 - -2 - (44 - (30 + 26))
-28
-11 - (-8 + -6 + 8)
-5
Calculate -15 + 31 + (-25 - -2) + -2.
-9
What is the value of 124 + -113 + (-3 - -1)?
9
8 - (-9 - -18 - (-2 + 3) - 0)
0
Evaluate 2 + ((5 - -2) + -11 - 0) + 1.
-1
Evaluate 21 + -17 - (-5 - -4 - 5).
10
Calculate -6 + 5 - (-1 + 2 + 20).
-22
Evaluate -262 + 255 - (16 + -5).
-18
(6 + 27 - 44) + 7
-4
Evaluate -12 - -9 - (-101 - -74).
24
Evaluate 4 + -8 - (-8 - (-5 + -7)).
-8
7 - (-7 + -10 + 12)
12
Evaluate (-8 - -14 - -6) + -13.
-1
What is -28 - -3 - ((-8 - -8) + 7)?
-32
Calculate -6 + 4 + -9 - (60 - 57).
-14
8 - 11 - -25 - 39 - (1 - -1)
-19
What is 5 + (2 - ((-2 - 1) + -4 + 5))?
9
Evaluate -2 - (10 + -16) - 7 - -13.
10
What is the value of (37 - 3) + -278 + 271?
27
What is the value of -12 + -1 + (34 - 92 - -56)?
-15
What is 12 + 3 - (60 - 85)?
40
-4 + 0 + (8 - 5) + 1 + -4
-4
What is the value of 20 + -16 + -9 + 5?
0
Evaluate -20 + (4 + -8 - 0) + (-5 - -13).
-16
Calculate 64 + -53 - (-4 + 0 - (-5 + 3)).
13
6 - ((11 - 3) + -15)
13
Calculate 4 - (27 + 29 - 16).
-36
9 - ((24 - -4) + 3 + -8) - -2
-12
Calculate (19 - -2) + -10 - 14.
-3
What is 24 - 23 - (-4 + -11)?
16
What is 0 - -10 - 13 - (4 + -7)?
0
What is the value of 23 - (-31 - (1 - 35))?
20
What is -8 + (3 - 11) + (-24 - -16) + 3?
-21
What is 8 + 21 + -41 - (0 - -6)?
-18
Calculate -123 + 135 - (-5 - 1).
18
(1 - 7) + 0 + 48 + -35
7
Calculate (-4 - ((-19 - -8) + 14)) + 1.
-6
Calculate (1 - 3) + -67 + 53.
-16
Calculate -11 + -4 + (63 + -8 - (3 - -8)).
29
Evaluate -17 - (4 - 8 - 9 - -9).
-13
What is the value of -18 + 12 + -2 + (7 - (4 + -5))?
0
Calculate (-2 - 6) + (-7 - 24 - -20).
-19
What is -21 - (16 + -24 - 17)?
4
-1 - (13 + (11 - 13))
-12
What is 192 - 198 - (-11 + 0 + 1)?
4
Calculate 2 + 9 + 2 + -6 + -23 + 5.
-11
What is -225 + 203 + 10 + 0 - 6?
-18
What is (7 + -6 - 2) + -8 - 0 - -4?
-5
(7 + -1 + -4 - 33) + 4
-27
What is the value of 6 - (1 + 11 - (237 + -224))?
7
What is the value of -97 + 112 + -3 + 0?
12
Evaluate (5 - 1) + -2 + 4 + -4 + -16.
-14
What is the value of (-6 - -5) + (-3 - -12)?
8
Calculate -3 + (-23 - -40) + -29.
-15
(-8 - (23 - 15)) + 9
-7
What is the value of -7 - (4 + 15 + -13)?
-13
7 - ((6 - 0) + (86 - 87))
2
What is -21 + (0 - -1) + 3485 + -3469?
-4
What is 5 + 3 + -3 - (7 - 16 - -9)?
5
Evaluate -1 + 2 + (13 - 35 - -34).
13
Evaluate 16 - ((-8 - -53) + -13).
-16
Calculate 0 + -52 + -247 + 279.
-20
What is 23 + -48 + 14 + 15?
4
Calculate (-1 - -12) + -26 - -9.
-6
What is ((9 - 9) + -6 + 1 - -4) + 27?
26
Calculate -2 + -28 - -52 - 19.
3
What is the value of (-3 - -13) + 18 + -9 + -7 + 1?
13
What is -1 + -4 - (-8 + (13 - 5))?
-5
-284 - -272 - (1 - -3)
-16
Evaluate -3 + (10 - (-2 + (-3 - -3))).
9
Calculate (-105 - -103) + 32 + (-4 - 0 - -1).
27
What is the value of (-7 - (-8 + -7) - 5) + 2 + 0?
5
What is the value of (0 - 2) + (8 + 4 + -10 - 7)?
-7
What is the value of 2 + 4 + (-1 - (12 - 10)) - 5?
-2
What is the value of 6 + -12 + (-8 - (2 + -17))?
1
Evaluate (-10 - (-14 + -13 - -4)) + 1 + -8.
6
1 + -4 + 11 + (5 - 13) - -18
18
Calculate -471 + 467 + (0 - -2 - (-3 - -1)).
0
Evaluate 36 + -45 + 1 + 17.
9
Evaluate (12 - (-7 + 13)) + 1 + -7 - 29.
-29
Calculate 0 - (24 - 8 - 11).
-5
What is 0 - (-2 + 8 + (-6 - 4) + -7)?
11
19 + (-2 + -4 + 6 - (1 + 2))
16
Evaluate 13 + 1 - (137 - 138).
15
What is the value of (0 - -3) + (-20 - (7 + -22))?
-2
What is the value of (28 + 42 - 57) + -1 + -32?
-20
What is the value of -4 + 1 + -8 + (44 + -23 - 11)?
-1
-17 - (-3 + 1) - (836 - 856)
5
Evaluate -7 + (3 - (13 + -11)) - -7.
1
Evaluate (-13 - (-8 - -2)) + (15 - -1).
9
-4 - (-15 + (5 - (-12 + 16 + -6)))
4
Evaluate (19 - 32) + -4 - -17.
0
Calculate -6 + 32 + -37 + -3 + -1.
-15
-22 - (30 + -14 + -17)
-21
What is 0 + 2 + (216 - 230)?
-12
-11 + (1 - 9) + -1 + 51
31
What is -12 + -9 + -1 + -9?
-31
Evaluate 12 + (-8 - 3 - -8) + -30.
-21
Evaluate -40 + 16 + (-4 - (4 - 17)).
-15
Calculate -49 - (-2 + -15 + 5).
-37
What is -9 - (-6 - 9 - -3)?
3
Evaluate -2 - (4 + -2 + -4 + 0 - 0).
0
Calculate (-13 - -2) + (8 - 15 - -12) + 5.
-1
5 - (-53 + 18) - 19
21
What is (1 - -1) + -15 + 28 + -13?
2
21 + -26 + 10 + -13
-8
What is 21 - ((-15 - 23) + 33)?
26
1 + -1 - 7 - (-52 - -37)
8
Calculate (-6 - -8) + -4 + 1 - 8.
-9
What is 0 + (-9 - -21 - -3) - 47?
-32
Calculate -5 + (2 - (5 - 1 - 1)).
-6
Evaluate 0 + (3 + -2 + (10 - 5) - 8).
-2
Evaluate 1 + 0 + -33 + 36 + 23.
27
What is the value of 0 + (-5 - (0 + (2 - -7)))?
-14
What is -5 - (5 - -18 - -7)?
-35
6 + (-13 - 6) + 13
0
Evaluate 88 + -80 + (-14 - 0) + -2.
-8
What is the value of 20 + -12 + -6 + 1 - (0 + 19)?
-16
Evaluate -3 - (4 - -5) - -6 - -5.
-1
Evaluate -259 - -261 - ((-1 - -1 - -1) + 14).
-13
What is (-48 - -42) + -18 - (-2 + -1 + -7)?
-14
What is the value of (-7 + (25 - 4) - 0) + -13?
1
What is 10 - (21 + -33 + (-4 - -8))?
18
Evaluate -10 - (20 + -19 - 10).
-1
What is -7 + 0 + 8 + 3?
4
-13 + 4 + -2 + 23
12
Calculate 30 - (19 - (42 + -25)).
28
What is 1 + (-2 - -9) - (31 - 21)?
-2
Evaluate (-9 - -7) + (4 - 23).
-21
(0 + 0 - (12 + -4)) + -24 + 3
-29
Evaluate -35 + 28 + 22 - -4.
19
-1 - 12 - (0 + -15)
2
Evaluate 212 + -220 - (-31 - 0).
23
-4 - (-1 + -7 - (5 + (13 - 20)))
2
What is -10 - (-1 + -6 - -7) - 0?
-10
-3 - -24 - (17 - 6) - 0 - 18
-8
-11 + (-13 + 2 - -8) - -9
-5
(5 - -1) + -4 + 6 + -149 + 125
-16
177 + -171 + (-2 - 1)
3
Evaluate -9 - (-1 - 12) - (3 - (-4 - 0)).
-3
Evaluate 1 + 